-6
What is 2 (base 12) in base 7?
2
2002 (base 4) to base 11
109
Convert 10 (base 3) to base 16.
3
What is 1 (base 7) in base 8?
1
2 (base 9) to base 4
2
Convert 5 (base 12) to base 5.
10
What is 9 (base 11) in base 4?
21
What is 102 (base 3) in base 2?
1011
What is 0 (base 4) in base 13?
0
What is 3 (base 16) in base 13?
3
Convert 23 (base 8) to base 4.
103
-7 (base 14) to base 10
-7
2 (base 5) to base 13
2
Convert 7 (base 14) to base 16.
7
What is 0 (base 13) in base 8?
0
What is 10 (base 7) in base 5?
12
110011 (base 2) to base 10
51
Convert 114 (base 10) to base 8.
162
What is 63 (base 11) in base 10?
69
Convert 104 (base 6) to base 13.
31
Convert -3 (base 13) to base 11.
-3
What is -2 (base 8) in base 4?
-2
Convert -3 (base 12) to base 14.
-3
Convert be (base 15) to base 9.
218
2 (base 14) to base 10
2
-5 (base 6) to base 12
-5
What is -1000 (base 2) in base 4?
-20
-1 (base 4) to base 9
-1
What is 110 (base 9) in base 3?
10100
What is -154 (base 9) in base 7?
-244
Convert -4 (base 10) to base 13.
-4
-2221 (base 4) to base 8
-251
What is -23 (base 11) in base 6?
-41
605 (base 7) to base 2
100101011
Convert 1 (base 16) to base 9.
1
What is -100 (base 4) in base 5?
-31
Convert 6 (base 11) to base 13.
6
What is -13 (base 7) in base 16?
-a
403 (base 5) to base 14
75
What is -1 (base 3) in base 4?
-1
Convert 3 (base 13) to base 11.
3
Convert 10100101 (base 2) to base 7.
324
What is -3 (base 10) in base 16?
-3
What is 0 (base 4) in base 10?
0
What is 32 (base 15) in base 6?
115
What is -146 (base 12) in base 8?
-306
Convert -200 (base 3) to base 7.
-24
Convert -3 (base 13) to base 10.
-3
Convert -17a (base 11) to base 15.
-dd
c (base 13) to base 15
c
101 (base 3) to base 8
12
-201 (base 4) to base 13
-27
-112 (base 3) to base 13
-11
-4 (base 14) to base 8
-4
Convert -101 (base 2) to base 3.
-12
What is -53 (base 10) in base 4?
-311
8 (base 13) to base 16
8
What is 49 (base 11) in base 5?
203
What is -1c (base 16) in base 8?
-34
What is -13 (base 15) in base 7?
-24
What is 1 (base 16) in base 15?
1
-29 (base 11) to base 2
-11111
Convert 78 (base 9) to base 14.
51
Convert 2 (base 16) to base 7.
2
What is -80 (base 9) in base 11?
-66
Convert -12 (base 16) to base 3.
-200
111 (base 3) to base 9
14
What is 26 (base 9) in base 13?
1b
Convert 18 (base 14) to base 8.
26
Convert -1010 (base 2) to base 13.
-a
What is 103 (base 7) in base 9?
57
Convert -321 (base 5) to base 12.
-72
What is 0 (base 10) in base 5?
0
What is 1011 (base 2) in base 5?
21
What is 1000 (base 2) in base 11?
8
What is 1002 (base 3) in base 16?
1d
-1 (base 7) to base 14
-1
Convert 326 (base 10) to base 2.
101000110
0 (base 12) to base 4
0
Convert 2 (base 15) to base 12.
2
Convert -120 (base 3) to base 11.
-14
Convert 123 (base 6) to base 10.
51
-3b (base 16) to base 9
-65
0 (base 4) to base 16
0
-12 (base 9) to base 2
-1011
What is -11 (base 3) in base 5?
-4
0 (base 7) to base 5
0
What is 43 (base 7) in base 6?
51
155 (base 6) to base 13
56
Convert -22 (base 10) to base 4.
-112
2 (base 5) to base 15
2
25 (base 12) to base 15
1e
What is 6 (base 13) in base 11?
6
321 (base 5) to base 10
86
Convert 11 (base 2) to base 5.
3
Convert -1120 (base 3) to base 6.
-110
Convert -21 (base 9) to base 12.
-17
6 (base 7) to base 2
110
What is 3 (base 15) in base 11?
3
Convert -10 (base 2) to base 6.
-2
What is 7 (base 12) in base 9?
7
Convert 1 (base 11) to base 15.
1
Convert -1200 (base 3) to base 10.
-45
Convert 131 (base 4) to base 11.
27
What is 10 (base 11) in base 12?
b
-23 (base 10) to base 9
-25
Convert 1 (base 16) to base 8.
1
What is 10 (base 7) in base 13?
7
What is 1 (base 7) in base 6?
1
20 (base 4) to base 12
8
-1 (base 8) to base 16
-1
What is 22 (base 11) in base 14?
1a
24 (base 10) to base 5
44
What is 8 (base 11) in base 9?
8
Convert 0 (base 10) to base 16.
0
19 (base 11) to base 7
26
1 (base 16) to base 8
1
What is -110 (base 2) in base 6?
-10
-91 (base 10) to base 15
-61
Convert -173 (base 13) to base 15.
-128
-18a (base 11) to base 7
-432
What is -1 (base 11) in base 6?
-1
Convert -131 (base 4) to base 6.
-45
-111 (base 2) to base 14
-7
What is 0 (base 6) in base 11?
0
9 (base 12) to base 14
9
What is -25 (base 8) in base 14?
-17
324 (base 6) to base 11
103
Convert 32 (base 8) to base 12.
22
What is 11001001 (base 2) in base 9?
243
19 (base 10) to base 5
34
10011 (base 3) to base 4
1111
What is 2 (base 14) in base 3?
2
-2010 (base 3) to base 8
-71
1b (base 15) to base 8
32
What is -3d (base 15) in base 13?
-46
Convert -42 (base 9) to base 12.
-32
What is 0 (base 10) in base 9?
0
Convert 173 (base 8) to base 5.
443
Convert -66 (base 8) to base 6.
-130
Convert 19 (base 11) to base 15.
15
What is 55 (base 12) in base 3?
2102
-3 (base 13) to base 11
-3
What is -8 (base 12) in base 16?
-8
-8b (base 12) to base 13
-83
-10 (base 16) to base 11
-15
What is b6 (base 15) in base 9?
210
Convert 2 (base 12) to base 16.
2
What is 41 (base 6) in base 14?
1b
Convert -3 (base 5) to base 6.
-3
3b (base 12) to base 7
65
What is 29 (base 14) in base 8?
45
Convert -1212 (base 3) to base 14.
-38
Convert 5 (base 11) to base 16.
5
Convert 3 (base 10) to base 11.
3
1030 (base 6) to base 12
176
-106 (base 9) to base 2
-1010111
-3 (base 13) to base 11
-3
What is -121 (base 3) in base 9?
-17
Convert 6 (base 13) to base 7.
6
What is 37 (base 13) in base 5?
141
What is 23 (base 15) in base 9?
36
What is 12 (base 4) in base 13?
6
-85 (base 10) to base 12
-71
What is 1 (base 13) in base 9?
1
215 (base 6) to base 13
65
Convert -1 (base 15) to base 14.
-1
2 (base 4) to base 11
2
Convert -4 (base 14) to base 10.
-4
What is 60 (base 9) in base 2?
110110
Convert 0 (base 13) to base 15.
0
Convert 50 (base 8) to base 6.
104
-5 (base 10) to base 16
-5
What is 8 (base 13) in base 7?
11
13 (base 14) to base 4
101
41 (base 16) to base 15
45
Convert 2 (base 14) to base 3.
2
Convert -33 (base 4) to base 9.
-16
-42 (base 12) to base 14
-38
Convert 2002 (base 3) to base 5.
211
3 (base 5) to base 4
3
Convert -221 (base 3) to base 15.
-1a
-2e (base 15) to base 10
-44
122 (base 7) to base 5
230
What is 2 (base 10) in base 4?
2
32 (base 7) to base 13
1a
What is 100 (base 2) in base 4?
10
-51 (base 12) to base 7
-115
Convert -10 (base 2) to base 7.
-2
1 (base 15) to base 2
1
Convert 1 (base 4) to base 2.
1
Convert -7 (base 8) to base 16.
-7
Convert 4 (base 11) to base 5.
4
What is 29 (base 11) in base 10?
31
What is a4 (base 13) in base 8?
206
What is 5 (base 15) in base 16?
5
Convert -2a (base 13) to base 10.
-36
What is -a4 (base 15) in base 5?
-1104
Convert 11 (base 3) to base 4.
10
What is -1 (base 14) in base 15?
-1
61 (base 15) to base 3
10101
Convert -22 (base 3) to base 2.
-1000
What is -46 (base 7) in base 2?
-100010
Convert 8 (base 12) to base 15.
8
What is -37 (base 15) in base 6?
-124
-1 (base 6) to base 7
-1
What is -10 (base 2) in base 6?
-2
-316 (base 10) to base 15
-161
-230 (base 5) to base 14
-49
Convert 101111 (base 2) to base 7.
65
What is 56 (base 15) in base 16?
51
What is 46 (base 8) in base 10?
38
Convert 1032 (base 5) to base 11.
11a
Convert -1 (base 10) to base 11.
-1
Convert -21 (base 7) to base 5.
-30
Convert -4 (base 5) to base 15.
-4
-100 (base 4) to base 12
-14
-86 (base 10) to base 9
-105
Convert -10 (base 13) to base 8.
-15
What is 5f (base 16) in base 5?
340
Convert 73 (base 11) to base 16.
50
11 (base 5) to base 4
12
What is 12 (base 6) in base 8?
10
-242 (base 5) to base 4
-1020
What is 1 (base 9) in base 13?
1
-110101 (base 2) to base 9
-58
Convert -15 (base 6) to base 15.
-b
-13 (base 5) to base 8
-10
What is 223 (base 4) in base 5?
133
Convert -177 (base 8) to base 6.
-331
Convert -1101 (base 2) to base 3.
-111
-4 (base 7) to base 5
-4
28 (base 13) to base 10
34
Convert 8 (base 16) to base 2.
1000
58 (base 13) to base 12
61
-4 (base 6) to base 16
-4
-141 (base 5) to base 16
-2e
What is -302 (base 4) in base 9?
-55
161 (base 7) to base 6
232
What is 1 (base 7) in base 13?
1
19 (base 11) to base 2
10100
Convert -6 (base 9) to base 5.
-11
What is -1a (base 11) in base 7?
-30
3 (base 14) to base 3
10
What is -121 (base 4) in base 8?
-31
What is -1 (base 5) in base 15?
-1
145 (base 7) to base 3
10001
What is 7 (base 11) in base 2?
111
-7 (base 13) to base 6
-11
What is 235 (base 6) in base